vided by 322.
225
Let v = -321 - -351. Suppose -3*d + v = -m - 12, -5*d = -3*m - 74. What is the remainder when 103 is divided by d?
12
Let c(y) = -1361*y - 161. What is the remainder when c(-5) is divided by 15?
14
Suppose 89 = 2*v + 3*q, -2*v - 2*v = -4*q - 128. Let p = -2 + 4. Calculate the remainder when v is divided by -2 + p - -3 - (2 - 12).
11
Let o(x) = -x**3 + 5*x**2 + 8*x - 8. Let a = -152 + 128. Let n be 2*3/a + 50/8. What is the remainder when 12 is divided by o(n)?
0
Calculate the remainder when 359 is divided by (5 - -16 - 17) + 59.
44
Let h = 0 + 0. Let w(q) = -q**3 + q - 1. Let z be w(h). Let c(x) = 18*x**2 + x. Calculate the remainder when c(z) is divided by 9.
8
Suppose -83 = -g + 5*u, -3*g + 9*u + 13 + 212 = 0. What is the remainder when g is divided by 24?
15
Suppose -2*q + 488 = -86. Let h = 322 - q. Calculate the remainder when 104 is divided by h.
34
Let g = 9744 - 9632. Calculate the remainder when g is divided by 34.
10
Suppose p = l - 5 + 43, -3*p + 138 = 3*l. Let v(w) = 7*w**2 - 8*w + 10. Let u be v(4). Suppose -13*t + 7*t = -u. What is the remainder when p is divided by t?
12
Let b be 25 - -4*14/(-8). Suppose -3*a + 714 = -4*s, -2*a - b*s + 13*s + 476 = 0. Calculate the remainder when a is divided by 24.
22
Let l = 70 - 70. Suppose 4*p - 12*p + 64 = l. Suppose 3*a - 3*b = 2*b + 1, 2*b - p = 0. What is the remainder when 41 is divided by a?
6
Suppose i - 96 = -4*w, 0 = -5*w + w + 2*i + 96. Let f = 17219 - 17173. What is the remainder when f is divided by w?
22
Let l(g) = -5*g - 5. Let p = -26 - -28. Suppose -v = p*h - h - 16, -v - 5*h = -16. Calculate the remainder when l(-7) is divided by v.
14
Let n = 18625 - 18610. Suppose -23 = -3*y - 5. What is the remainder when n is divided by y?
3
Let d(v) = -11*v - 17. Suppose -3*x + 5*o + 23 = 8, 4*x = -2*o + 20. Suppose 6*b - 79 = x. Calculate the remainder when d(-9) is divided by b.
12
Let y be ((-736)/(-128))/(1/(-28)). Let d = y + 167. Calculate the remainder when 99 is divided by d.
3
Let o = 7 + -3. Suppose o*z = -2*l + 162, -2*l + 288 = 2*l - 4*z. Let a = -36 + l. Calculate the remainder when a is divided by 10.
9
Let n = -7390 + 8135. What is the remainder when n is divided by 50?
45
Let l = -3314 - -3545. Calculate the remainder when l is divided by 26.
23
Let j(r) = 24*r**3 - r**2 - 6*r + 7. Suppose -4*b + 96 = 23*w - 21*w, -4*b + 136 = 3*w. What is the remainder when j(2) is divided by w?
23
Suppose 0 = 207*o - 452633 - 236470. Calculate the remainder when o is divided by 111.
110
Let f be 1/(-3) - (4 - (-35816)/(-24)). Suppose -156*s + 150*s = -f. Calculate the remainder when s is divided by 28.
24
Suppose 141*t = 133*t + 5720. Suppose -a - f = -t, -5*a + 7*f - 4*f + 3567 = 0. What is the remainder when a is divided by 65?
64
Let x = -12088 - -12319. Calculate the remainder when 748 is divided by x.
55
Let j be 12/(-4)*4/24*202. Let k = j + 145. What is the remainder when k is divided by 14?
2
Suppose 3*d - 2*s + 4 = -d, 0 = s. Let m(u) = -13*u. Let l(i) = -583*i - 3492. What is the remainder when m(d) is divided by l(-6)?
1
Suppose -3*x = -23 - 43. Let r be (-20)/110 + (-62)/x. Calculate the remainder when 56*-1*r/6 is divided by 16.
12
Let u(k) = 4 - 1881*k - 5 - 17 + 1894*k. What is the remainder when 23 is divided by u(2)?
7
Let h = 126 + -123. What is the remainder when (2208/20)/(-4)*(-10)/h is divided by 24?
20
Let z be 10*33*6/18. Suppose 3*j - 8*j = -10, -z = -5*u - 5*j. Calculate the remainder when 193 is divided by u.
13
Suppose 9126 = -51*d + 64*d. Let j = -209 + d. Calculate the remainder when j is divided by 45.
43
Suppose -2789 = 20*q - 9290 - 3959. What is the remainder when q is divided by 54?
37
Let l be 112996/(-24) + (-6 - (-296)/48). Calculate the remainder when l/(-88)*(-1 + 3) is divided by 11.
8
Let y(g) = -g**3 + 33*g**2 - 215*g + 199. What is the remainder when y(16) is divided by 102?
91
Let p(y) = -y - 3. Let m(i) = i + 7. Let v(b) = 2*m(b) + 5*p(b). Let g(l) = 2*l**2 + 13*l + 22. What is the remainder when g(-7) is divided by v(-3)?
5
Calculate the remainder when (-477)/(-16)*2*24 is divided by 294.
255
Let b = 116 - -629. Let a = -631 + b. What is the remainder when a is divided by 42?
30
What is the remainder when 1135 is divided by 2956/8 + 25 + -18 + (-2)/(-4)?
4
Let v(r) = -11*r**2 - 173*r - 81. Suppose 0 = 5*s - 35. Calculate the remainder when v(-15) is divided by s.
4
Suppose -3*f + 10389 = 4*x, -2*x + 5551 - 339 = -2*f. What is the remainder when x is divided by 62?
59
Let l(t) = t**2 + 10*t + 47. Let i = 740 + -749. Calculate the remainder when 83 is divided by l(i).
7
Let t = -17 + 9. Let j be (-9)/(-6)*t/(-3). Suppose -2*p = -5*f - 51, -j*p + 36 = 2*f - 6. Calculate the remainder when 101 is divided by p.
10
Let j(s) = -9*s + 667. Calculate the remainder when 1010 is divided by j(37).
8
What is the remainder when 1143 is divided by (-1206)/(-5) + (14/(-2) - (-841)/145)?
183
Let y be 2/8*7*-4. Let g(u) = u**3 + 9*u**2 + 13*u - 1. Let t be g(y). Calculate the remainder when (-5 + t - (-2 + -19)) + 2 is divided by 14.
10
Suppose 8*t = 3*t - 4*u + 147, 3*t = -3*u + 87. Calculate the remainder when t is divided by 13.
5
Suppose 6936 = 508*x - 486*x - 1226. Calculate the remainder when x is divided by 53.
0
Let w = 37 - -42. Suppose -3*v - 10 + w = u, -192 = -3*u - 4*v. Calculate the remainder when u is divided by 25.
10
Let j(l) = -l**3 + 7*l**2 + 17*l - 59. Calculate the remainder when j(8) is divided by 7.
6
Let v(m) = 2*m**2 - 5*m - 3. Let x(k) = -20*k + 133 + 39*k + 7*k. What is the remainder when v(4) is divided by x(-5)?
0
Let q = -328 + 214. Let k = q - -127. Calculate the remainder when 219 is divided by k.
11
Suppose 6000 = 6*j - 0*j. Suppose j = -32*i + 42*i. What is the remainder when i is divided by 17?
15
Suppose -2*x = -4*z + 292, -4*z - 5*x - 24 = -316. What is the remainder when 418 is divided by z?
53
Suppose -19*k + 913 = 163*k - 361. Suppose -4*h + 26 = -30. Calculate the remainder when h is divided by k.
0
Suppose -2*r + 83 = 1. Let i be 18 - (-12)/(-9)*(-8 - -5). Suppose -i*u = 4*u - 312. Calculate the remainder when r is divided by u.
5
Let v(w) = 21*w**2 + 225*w - 570. Calculate the remainder when v(-13) is divided by (-3)/(-1)*56/6.
26
Let v(d) = d**2 - d - 12. Let l = -8 - 0. Calculate the remainder when 114 is divided by v(l).
54
Let c = 3280 - 3231. Let w = 483 - -251. What is the remainder when w is divided by c?
48
Suppose -3*m + 11 = z, -13 = 3*z - 5*m - 32. What is the remainder when 268 is divided by z?
4
Calculate the remainder when 1941 is divided by 51 - (-70)/(-28)*6.
33
Let a(v) = 2*v**3 + 18*v**2 + 2*v - 58. Let r(z) = -z**3 - 18*z**2 - 2*z + 59. Let j(t) = 2*a(t) + 3*r(t). What is the remainder when 68 is divided by j(18)?
18
Suppose -5*x - 23 = -3*d + 43, -x = 4*d - 88. Let l be (0 - 48)*(-11)/d. Let b = 47 - l. What is the remainder when 65 is divided by b?
19
Let k = -70 - -75. Suppose 5*n + k*i - 305 = 10*i, 2*n - 3*i - 117 = 0. What is the remainder when 326 is divided by n?
62
Let g be (-4)/18*12*9/(-6). Let b(a) = 9*a**2 - 2. What is the remainder when b(g) is divided by 11?
10
Let o = -723 + 742. What is the remainder when 2202 is divided by o?
17
Let k = 7455 + -7249. What is the remainder when 7827 is divided by k?
205
Let c be -1 + -1 + 2*2. Suppose -2*x + 8 = 2*x, 4*x = -c*y + 26. Let u(j) = j**2 - 42*j - 451. Calculate the remainder when y is divided by u(51).
1
Suppose 74*d = 35*d + 23*d + 4016. Calculate the remainder when d is divided by (-112)/(-10) + (-1)/5.
9
Let j = -71 + 152. Let x = -81 + j. What is the remainder when 61 is divided by (x/(-2) - -3)/(12/64)?
13
Let n = -136 + 166. Calculate the remainder when (3/(n/16))/((-14)/(-3395)) is divided by 56.
52
Let i = 664 + -660. Suppose 0 = i*q + 11*m - 8*m - 224, 4*q - 224 = 2*m. Suppose -2*k + 19 = -35. What is the remainder when q is divided by k?
2
Let z(x) = -6*x + 46. Let g be z(8). Let i be (12/(-15))/((-8)/(-100)). What is the remainder when 24 is divided by ((-160)/i)/((2 - g) + -2)?
0
What is the remainder when ((-2)/6)/((-9)/140427*7) is divided by 362?
19
Calculate the remainder when 158 is divided by 12/(-14)*(-157136)/2928.
20
Suppose 0 = -3*r - 2*h - 62 + 103, -3*r + 34 = h. What is the remainder whe